059
List the prime factors of 172650.
2, 3, 5, 1151
List the prime factors of 1281.
3, 7, 61
What are the prime factors of 6995?
5, 1399
List the prime factors of 3416.
2, 7, 61
What are the prime factors of 5142?
2, 3, 857
What are the prime factors of 113?
113
List the prime factors of 3288.
2, 3, 137
What are the prime factors of 39595?
5, 7919
List the prime factors of 9039.
3, 23, 131
What are the prime factors of 2966?
2, 1483
List the prime factors of 1385.
5, 277
What are the prime factors of 2299?
11, 19
List the prime factors of 41581.
43, 967
What are the prime factors of 102?
2, 3, 17
List the prime factors of 2877.
3, 7, 137
What are the prime factors of 387?
3, 43
List the prime factors of 1664.
2, 13
List the prime factors of 10212.
2, 3, 23, 37
What are the prime factors of 449?
449
What are the prime factors of 1906?
2, 953
List the prime factors of 20077.
17, 1181
What are the prime factors of 6535?
5, 1307
List the prime factors of 15195.
3, 5, 1013
List the prime factors of 45484.
2, 83, 137
What are the prime factors of 67?
67
What are the prime factors of 5483?
5483
List the prime factors of 13965.
3, 5, 7, 19
List the prime factors of 825.
3, 5, 11
List the prime factors of 2064.
2, 3, 43
What are the prime factors of 156625?
5, 7, 179
List the prime factors of 47947.
47947
What are the prime factors of 599?
599
What are the prime factors of 13619?
13619
What are the prime factors of 150?
2, 3, 5
What are the prime factors of 764?
2, 191
What are the prime factors of 1628?
2, 11, 37
List the prime factors of 2469.
3, 823
List the prime factors of 29519.
7, 4217
List the prime factors of 903.
3, 7, 43
List the prime factors of 289.
17
List the prime factors of 36087.
3, 23, 523
List the prime factors of 2316.
2, 3, 193
List the prime factors of 179.
179
List the prime factors of 13959.
3, 11, 47
What are the prime factors of 7026?
2, 3, 1171
What are the prime factors of 638?
2, 11, 29
What are the prime factors of 5617?
41, 137
What are the prime factors of 7460?
2, 5, 373
List the prime factors of 5725.
5, 229
List the prime factors of 781.
11, 71
What are the prime factors of 144494?
2, 7, 10321
What are the prime factors of 1544?
2, 193
List the prime factors of 28016.
2, 17, 103
List the prime factors of 2036.
2, 509
What are the prime factors of 33805?
5, 6761
List the prime factors of 960.
2, 3, 5
What are the prime factors of 48310?
2, 5, 4831
List the prime factors of 14394.
2, 3, 2399
List the prime factors of 12413.
12413
List the prime factors of 43312.
2, 2707
List the prime factors of 1113.
3, 7, 53
What are the prime factors of 339?
3, 113
List the prime factors of 399.
3, 7, 19
List the prime factors of 2397.
3, 17, 47
List the prime factors of 84889.
7, 67, 181
What are the prime factors of 108?
2, 3
List the prime factors of 26323.
11, 2393
List the prime factors of 656.
2, 41
List the prime factors of 27550.
2, 5, 19, 29
What are the prime factors of 24919?
24919
List the prime factors of 34709.
61, 569
What are the prime factors of 324?
2, 3
What are the prime factors of 27688?
2, 3461
What are the prime factors of 555?
3, 5, 37
What are the prime factors of 7606?
2, 3803
What are the prime factors of 1990?
2, 5, 199
List the prime factors of 3451.
7, 17, 29
List the prime factors of 598.
2, 13, 23
List the prime factors of 5762.
2, 43, 67
List the prime factors of 1406.
2, 19, 37
What are the prime factors of 10429?
10429
What are the prime factors of 24808?
2, 7, 443
What are the prime factors of 496?
2, 31
What are the prime factors of 72990?
2, 3, 5, 811
List the prime factors of 73886.
2, 36943
List the prime factors of 20753.
20753
List the prime factors of 606.
2, 3, 101
List the prime factors of 26864.
2, 23, 73
What are the prime factors of 877?
877
What are the prime factors of 794?
2, 397
What are the prime factors of 160?
2, 5
What are the prime factors of 4130?
2, 5, 7, 59
List the prime factors of 329.
7, 47
List the prime factors of 1001.
7, 11, 13
List the prime factors of 50.
2, 5
List the prime factors of 4489.
67
List the prime factors of 3080.
2, 5, 7, 11
List the prime factors of 2385.
3, 5, 53
What are the prime factors of 4129?
4129
List the prime factors of 544.
2, 17
What are the prime factors of 317?
317
List the prime factors of 128450.
2, 5, 7, 367
What are the prime factors of 6078?
2, 3, 1013
What are the prime factors of 42841?
42841
List the prime factors of 3523.
13, 271
What are the prime factors of 1747?
1747
List the prime factors of 84278.
2, 42139
List the prime factors of 946.
2, 11, 43
List the prime factors of 54428.
2, 11, 1237
List the prime factors of 8147.
8147
List the prime factors of 2653.
7, 379
List the prime factors of 89.
89
List the prime factors of 2202.
2, 3, 367
What are the prime factors of 2256?
2, 3, 47
List the prime factors of 3016.
2, 13, 29
What are the prime factors of 12966?
2, 3, 2161
List the prime factors of 20956.
2, 13, 31
List the prime factors of 2522.
2, 13, 97
What are the prime factors of 9108?
2, 3, 11, 23
What are the prime factors of 33123?
3, 61, 181
List the prime factors of 33200.
2, 5, 83
What are the prime factors of 123?
3, 41
What are the prime factors of 1829?
31, 59
What are the prime factors of 56814?
2, 3, 17, 557
List the prime factors of 23941.
89, 269
What are the prime factors of 102573?
3, 29, 131
List the prime factors of 33808.
2, 2113
List the prime factors of 16962.
2, 3, 11, 257
What are the prime factors of 5594?
2, 2797
What are the prime factors of 21231?
3, 7, 337
List the prime factors of 5260.
2, 5, 263
What are the prime factors of 16891?
7, 19, 127
What are the prime factors of 4661?
59, 79
List the prime factors of 119089.
119089
List the prime factors of 127639.
109, 1171
What are the prime factors of 1012?
2, 11, 23
List the prime factors of 9242.
2, 4621
List the prime factors of 9733.
9733
List the prime factors of 3788.
2, 947
What are the prime factors of 4012?
2, 17, 59
What are the prime factors of 3454?
2, 11, 157
List the prime factors of 40277.
40277
What are the prime factors of 206?
2, 103
What are the prime factors of 13950?
2, 3, 5, 31
What are the prime factors of 18322?
2, 9161
What are the prime factors of 4229?
4229
List the prime factors of 1964.
2, 491
List the prime factors of 24260.
2, 5, 1213
What are the prime factors of 27076?
2, 7, 967
List the prime factors of 11912.
2, 1489
What are the prime factors of 67665?
3, 5, 13, 347
What are the prime factors of 35794?
2, 11, 1627
List the prime factors of 2584.
2, 17, 19
List the prime factors of 49145.
5, 9829
What are the prime factors of 3097?
19, 163
List the prime factors of 34126.
2, 113, 151
What are the prime factors of 45242?
2, 22621
What are the prime factors of 227?
227
List the prime factors of 12832.
2, 401
What are the prime factors of 14209?
13, 1093
What are the prime factors of 10456?
2, 1307
List the prime factors of 422.
2, 211
List the prime factors of 578.
2, 17
List the prime factors of 3727.
3727
List the prime factors of 752.
2, 47
What are the prime factors of 10927?
7, 223
List the prime factors of 29787.
3, 9929
List the prime factors of 2013.
3, 11, 61
List the prime factors of 13765.
5, 2753
List the prime factors of 3634.
2, 23, 79
List the prime factors of 1057.
7, 151
List the prime factors of 2577.
3, 859
List the prime factors of 14057.
14057
What are the prime factors of 1217?
1217
List the prime factors of 4425.
3, 5, 59
What are the prime factors of 201?
3, 67
What are the prime factors of 150786?
2, 3, 8377
What are the prime factors of 5588?
2, 11, 127
What are the prime factors of 30104?
2, 53, 71
List the prime factors of 47871.
3, 197
List the prime factors of 573.
3, 191
What are the prime factors of 12226?
2, 6113
List the prime factors of 18112.
2, 283
List the prime factors of 25331.
73, 347
What are the prime factors of 58743?
3, 61, 107
List the prime factors of 25608.
2, 3, 11, 97
What are the prime factors of 5095?
5, 1019
What are the prime factors of 4711?
7, 673
What are the prime factors of 47767?
37, 1291
What are the prime factors of 18968?
2, 2371
List the prime factors of 588.
2, 3, 7
List the prime factors of 16881.
3, 17, 331
What are the prime factors of 38183